{"id":717,"date":"2026-01-20T10:54:29","date_gmt":"2026-01-20T10:54:29","guid":{"rendered":"https:\/\/sdm-it.com\/site\/?page_id=717"},"modified":"2026-01-22T16:19:45","modified_gmt":"2026-01-22T16:19:45","slug":"pas-de-titre-2-copy","status":"publish","type":"page","link":"https:\/\/sdm-it.com\/site\/pas-de-titre-2-copy\/","title":{"rendered":"Pour qui ?"},"content":{"rendered":"\n<h1>\n\t\t\tPour qui ?\t<\/h1>\n<h2>\n\t\t\tDes organisations engag\u00e9es, aux r\u00e9alit\u00e9s diverses\t<\/h2>\n<figure itemscope itemtype=\"https:\/\/schema.org\/ImageObject\">\n\t\t\t\t<img decoding=\"async\" src=\"https:\/\/sdm-events.com\/events\/wp-content\/uploads\/2017\/02\/logo-sdm-2-choisi.png\" alt=\"logo sdm 2 choisi\" height=\"789\" width=\"1262\" title=\"logo sdm 2 choisi\" onerror=\"this.style.display='none'\" loading=\"lazy\" \/>\n\t<\/figure>\n<h1>\n\t\t\tDes contextes diff\u00e9rents, des enjeux souvent communs\t<\/h1>\nLe SDM accompagne des organisations engag\u00e9es au service de l&rsquo;int\u00e9r\u00eat g\u00e9n\u00e9ral, aux formes, tailles et contextes tr\u00e8s vari\u00e9s.<br \/>\nCe qui les rassemble n&rsquo;est pas leur statut, mais la <strong>complexit\u00e9 humaine et organisationnelle<\/strong> de leurs usages num\u00e9riques.\n\nPartout, les m\u00eames questions reviennent :\n<ul>\n<li dir=\"ltr\">\ncomment travailler ensemble sans s&rsquo;\u00e9puiser ?\n<\/li>\n<li dir=\"ltr\">\ncomment d\u00e9cider sans d\u00e9pendre de quelques personnes ?\n<\/li>\n<li dir=\"ltr\">\ncomment prot\u00e9ger les donn\u00e9es et la confiance ?\n<\/li>\n<li dir=\"ltr\">\ncomment faire durer les outils et les usages dans le temps ?\n<\/li>\n<\/ul>\n<p>&nbsp;<\/p>\nNotre accompagnement s&rsquo;adapte aux contextes, sans appliquer de mod\u00e8le unique.\n<p>&nbsp;<\/p>\n<p>&nbsp;<\/p>\n<h1>\n\t\t\tEntre engagement b\u00e9n\u00e9vole et responsabilit\u00e9s professionnelles\t<\/h1>\nLes associations et structures engag\u00e9es reposent souvent sur un \u00e9quilibre d\u00e9licat :\n<ul>\n<li dir=\"ltr\">\nb\u00e9n\u00e9voles tr\u00e8s investis,\n<\/li>\n<li dir=\"ltr\">\nsalari\u00e9s porteurs de la continuit\u00e9,\n<\/li>\n<li dir=\"ltr\">\ngouvernance associative parfois renouvel\u00e9e,\n<\/li>\n<li dir=\"ltr\">\nmoyens limit\u00e9s,\n<\/li>\n<li dir=\"ltr\">\nforte charge humaine et affective.\n<\/li>\n<\/ul>\n<p>&nbsp;<\/p>\nDans ces contextes, le num\u00e9rique peut :\n<ul>\n<li dir=\"ltr\">\nsoutenir l&rsquo;engagement,\n<\/li>\n<li dir=\"ltr\">\nfaciliter la transmission,\n<\/li>\n<li dir=\"ltr\">\ns\u00e9curiser le fonctionnement,<br \/>\nmais aussi, lorsqu&rsquo;il est mal pens\u00e9 :\n<\/li>\n<li dir=\"ltr\">\ncr\u00e9er des tensions,\n<\/li>\n<li dir=\"ltr\">\nrenforcer les d\u00e9pendances,\n<\/li>\n<li dir=\"ltr\">\nalourdir la charge mentale.\n<\/li>\n<\/ul>\n<p>&nbsp;<\/p>\nLe SDM accompagne les associations pour :\n<ul>\n<li dir=\"ltr\">\nclarifier les usages num\u00e9riques,\n<\/li>\n<li dir=\"ltr\">\nmieux articuler b\u00e9n\u00e9voles et salari\u00e9s,\n<\/li>\n<li dir=\"ltr\">\ns\u00e9curiser la continuit\u00e9 malgr\u00e9 les changements,\n<\/li>\n<li dir=\"ltr\">\nchoisir des outils proportionn\u00e9s et durables,\n<\/li>\n<li dir=\"ltr\">\nrenforcer l&rsquo;autonomie collective.\n<\/li>\n<\/ul>\n<p>&nbsp;<\/p>\n\ud83d\udc49 Le num\u00e9rique devient alors un <strong>soutien de l&rsquo;engagement<\/strong>, et non une contrainte suppl\u00e9mentaire.\n<p>&nbsp;<\/p>\n<h1>\n\t\t\tResponsabilit\u00e9, continuit\u00e9 et lien avec les administr\u00e9s\t<\/h1>\nLes collectivit\u00e9s et acteurs publics portent des responsabilit\u00e9s particuli\u00e8res :\n<ul>\n<li dir=\"ltr\">\ncontinuit\u00e9 du service public,\n<\/li>\n<li dir=\"ltr\">\nprotection des donn\u00e9es des administr\u00e9s,\n<\/li>\n<li dir=\"ltr\">\ntransparence des d\u00e9cisions,\n<\/li>\n<li dir=\"ltr\">\narticulation entre \u00e9lus et agents,\n<\/li>\n<li dir=\"ltr\">\ncontraintes r\u00e9glementaires et budg\u00e9taires.\n<\/li>\n<\/ul>\n<p>&nbsp;<\/p>\nDans ce contexte, le num\u00e9rique est \u00e0 la fois :\n<ul>\n<li dir=\"ltr\">\nun levier d&rsquo;efficacit\u00e9,\n<\/li>\n<li dir=\"ltr\">\nun enjeu de confiance,\n<\/li>\n<li dir=\"ltr\">\nun sujet de gouvernance \u00e0 part enti\u00e8re.\n<\/li>\n<\/ul>\n<p>&nbsp;<\/p>\nLe SDM accompagne les collectivit\u00e9s pour :\n<ul>\n<li dir=\"ltr\">\nclarifier les choix num\u00e9riques structurants,\n<\/li>\n<li dir=\"ltr\">\nrenforcer la gouvernance et la responsabilit\u00e9,\n<\/li>\n<li dir=\"ltr\">\ns\u00e9curiser les donn\u00e9es et les services,\n<\/li>\n<li dir=\"ltr\">\nma\u00eetriser les co\u00fbts et les \u00e9volutions dans le temps,\n<\/li>\n<li dir=\"ltr\">\nam\u00e9liorer la lisibilit\u00e9 des outils pour les agents comme pour les administr\u00e9s.\n<\/li>\n<\/ul>\n<p>&nbsp;<\/p>\n\ud83d\udc49 L&rsquo;objectif n&rsquo;est pas d&rsquo;acc\u00e9l\u00e9rer \u00e0 tout prix,<br \/>\nmais de <strong>construire un num\u00e9rique fiable, compr\u00e9hensible et durable<\/strong>.\n<hr \/>\n<h2 dir=\"ltr\"><\/h2>\n<h1>\n\t\t\tPas de taille id\u00e9ale, pas de mod\u00e8le unique\t<\/h1>\nLe SDM intervient aupr\u00e8s :\n<ul>\n<li dir=\"ltr\">\nde petites structures,\n<\/li>\n<li dir=\"ltr\">\nd&rsquo;organisations plus importantes,\n<\/li>\n<li dir=\"ltr\">\nd&rsquo;\u00e9quipes tr\u00e8s structur\u00e9es ou en construction,\n<\/li>\n<li dir=\"ltr\">\nd&rsquo;organisations en questionnement ou en transition.\n<\/li>\n<\/ul>\n<p>&nbsp;<\/p>\nLa taille n&rsquo;est jamais le crit\u00e8re principal.<br \/>\nCe qui compte, c&rsquo;est :\n<ul>\n<li dir=\"ltr\">\nla volont\u00e9 de reprendre la main sur ses choix num\u00e9riques,\n<\/li>\n<li dir=\"ltr\">\nl&rsquo;attention port\u00e9e aux personnes,\n<\/li>\n<li dir=\"ltr\">\nle souci du temps long.\n<\/li>\n<\/ul>\n<p>&nbsp;<\/p>\nNous travaillons aussi bien dans des contextes de :\n<ul>\n<li dir=\"ltr\">\nmise \u00e0 plat,\n<\/li>\n<li dir=\"ltr\">\n\u00e9volution progressive,\n<\/li>\n<li dir=\"ltr\">\nr\u00e9organisation,\n<\/li>\n<li dir=\"ltr\">\nou accompagnement dans la dur\u00e9e.\n<\/li>\n<\/ul>\n<p>&nbsp;<\/p>\n<h3 dir=\"ltr\" data-pm-slice=\"1 1 []\">Notre accompagnement est particuli\u00e8rement pertinent lorsque :<\/h3>\n<ul>\n<li dir=\"ltr\">\nles outils se sont accumul\u00e9s sans vision globale,\n<\/li>\n<li dir=\"ltr\">\nquelques personnes portent toute la charge num\u00e9rique,\n<\/li>\n<li dir=\"ltr\">\nla transmission devient difficile,\n<\/li>\n<li dir=\"ltr\">\nles co\u00fbts ou les d\u00e9pendances inqui\u00e8tent,\n<\/li>\n<li dir=\"ltr\">\nles \u00e9quipes ressentent une fatigue num\u00e9rique,\n<\/li>\n<li dir=\"ltr\">\ndes choix structurants doivent \u00eatre faits.\n<\/li>\n<\/ul>\n<p>&nbsp;<\/p>\nDans ces moments, prendre du recul est souvent le premier pas n\u00e9cessaire.\n\nLe SDM privil\u00e9gie des relations d&rsquo;accompagnement fond\u00e9es sur :\n<ul>\n<li dir=\"ltr\">\nl&rsquo;\u00e9coute,\n<\/li>\n<li dir=\"ltr\">\nla clart\u00e9,\n<\/li>\n<li dir=\"ltr\">\nla p\u00e9dagogie,\n<\/li>\n<li dir=\"ltr\">\nla confiance.\n<\/li>\n<\/ul>\n<p>&nbsp;<\/p>\nNous prenons le temps de comprendre les contextes avant de proposer.<br \/>\nEt nous assumons de dire non lorsque certaines demandes ne sont pas coh\u00e9rentes avec les r\u00e9alit\u00e9s humaines ou organisationnelles.\n\n<h1 dir=\"ltr\" data-pm-slice=\"1 1 []\">Se reconna\u00eetre, avant de se rencontrer<\/h1>\n<h2 dir=\"ltr\" data-pm-slice=\"1 1 []\">Si vous vous reconnaissez dans ces situations,<br \/>\nalors une discussion peut \u00eatre utile.<\/h2>\n<h2 dir=\"ltr\">Il ne s&rsquo;agit pas de \u00ab\u00a0vendre une solution\u00a0\u00bb,<br \/>\nmais d&rsquo;ouvrir un espace de r\u00e9flexion et de dialogue autour de vos usages num\u00e9riques.<\/h2>\n<h2 dir=\"ltr\"><\/h2>\n\n\t\t\t<a href=\"https:\/\/sdm-it.com\/site\/pas-de-titre-2\/\" target=\"_self\" rel=\"noopener\">\n\t\t\t\t\t\tD\u00e9couvrir nos accompagnements\n\t\t\t\t\t<\/a>\n\t\t\t<a href=\"https:\/\/sdm-it.com\/site\/notre-demarche\/\" target=\"_self\" rel=\"noopener\">\n\t\t\t\t\t\tD\u00e9couvrir notre d\u00e9marche\n\t\t\t\t\t<\/a>\n\t\t\t<a href=\"https:\/\/sdm-it.com\/site\/outils-et-services-numeriques\/\" target=\"_self\" rel=\"noopener\">\n\t\t\t\t\t\tD\u00e9couvrir nos services\n\t\t\t\t\t<\/a>\n\t\t\t<a href=\"https:\/\/sdm-it.com\/site\/contact\/\" target=\"_self\" rel=\"noopener\">\n\t\t\t\t\t\tNous contacter\n\t\t\t\t\t<\/a>\n\n","protected":false},"excerpt":{"rendered":"<p>Pour qui ? Des organisations engag\u00e9es, aux r\u00e9alit\u00e9s diverses Des contextes diff\u00e9rents, des enjeux souvent communs Le SDM accompagne des organisations engag\u00e9es au service de l&rsquo;int\u00e9r\u00eat g\u00e9n\u00e9ral, aux formes, tailles et contextes tr\u00e8s vari\u00e9s. Ce qui les rassemble n&rsquo;est pas leur statut, mais la complexit\u00e9 humaine et organisationnelle de leurs usages num\u00e9riques. Partout, les m\u00eames&hellip;<\/p>\n","protected":false},"author":1,"featured_media":0,"parent":0,"menu_order":0,"comment_status":"closed","ping_status":"closed","template":"","meta":{"footnotes":""},"class_list":["post-717","page","type-page","status-publish","hentry"],"yoast_head":"<!-- This site is optimized with the Yoast SEO plugin v27.3 - https:\/\/yoast.com\/product\/yoast-seo-wordpress\/ -->\n<title>Pour qui ? - SDM-IT<\/title>\n<meta name=\"robots\" content=\"index, follow, max-snippet:-1, max-image-preview:large, max-video-preview:-1\" \/>\n<link rel=\"canonical\" href=\"https:\/\/sdm-it.com\/site\/pas-de-titre-2-copy\/\" \/>\n<meta property=\"og:locale\" content=\"fr_FR\" \/>\n<meta property=\"og:type\" content=\"article\" \/>\n<meta property=\"og:title\" content=\"Pour qui ? - SDM-IT\" \/>\n<meta property=\"og:description\" content=\"Pour qui ? Des organisations engag\u00e9es, aux r\u00e9alit\u00e9s diverses Des contextes diff\u00e9rents, des enjeux souvent communs Le SDM accompagne des organisations engag\u00e9es au service de l&rsquo;int\u00e9r\u00eat g\u00e9n\u00e9ral, aux formes, tailles et contextes tr\u00e8s vari\u00e9s. Ce qui les rassemble n&rsquo;est pas leur statut, mais la complexit\u00e9 humaine et organisationnelle de leurs usages num\u00e9riques. Partout, les m\u00eames&hellip;\" \/>\n<meta property=\"og:url\" content=\"https:\/\/sdm-it.com\/site\/pas-de-titre-2-copy\/\" \/>\n<meta property=\"og:site_name\" content=\"SDM-IT\" \/>\n<meta property=\"article:publisher\" content=\"https:\/\/www.facebook.com\/syndikatdesmouettes\" \/>\n<meta property=\"article:modified_time\" content=\"2026-01-22T16:19:45+00:00\" \/>\n<meta property=\"og:image\" content=\"https:\/\/sdm-events.com\/events\/wp-content\/uploads\/2017\/02\/logo-sdm-2-choisi.png\" \/>\n<meta name=\"twitter:card\" content=\"summary_large_image\" \/>\n<meta name=\"twitter:label1\" content=\"Dur\u00e9e de lecture estim\u00e9e\" \/>\n\t<meta name=\"twitter:data1\" content=\"3 minutes\" \/>\n<script type=\"application\/ld+json\" class=\"yoast-schema-graph\">{\"@context\":\"https:\\\/\\\/schema.org\",\"@graph\":[{\"@type\":\"WebPage\",\"@id\":\"https:\\\/\\\/sdm-it.com\\\/site\\\/pas-de-titre-2-copy\\\/\",\"url\":\"https:\\\/\\\/sdm-it.com\\\/site\\\/pas-de-titre-2-copy\\\/\",\"name\":\"Pour qui ? - SDM-IT\",\"isPartOf\":{\"@id\":\"https:\\\/\\\/sdm-it.com\\\/site\\\/#website\"},\"primaryImageOfPage\":{\"@id\":\"https:\\\/\\\/sdm-it.com\\\/site\\\/pas-de-titre-2-copy\\\/#primaryimage\"},\"image\":{\"@id\":\"https:\\\/\\\/sdm-it.com\\\/site\\\/pas-de-titre-2-copy\\\/#primaryimage\"},\"thumbnailUrl\":\"https:\\\/\\\/sdm-events.com\\\/events\\\/wp-content\\\/uploads\\\/2017\\\/02\\\/logo-sdm-2-choisi.png\",\"datePublished\":\"2026-01-20T10:54:29+00:00\",\"dateModified\":\"2026-01-22T16:19:45+00:00\",\"breadcrumb\":{\"@id\":\"https:\\\/\\\/sdm-it.com\\\/site\\\/pas-de-titre-2-copy\\\/#breadcrumb\"},\"inLanguage\":\"fr-FR\",\"potentialAction\":[{\"@type\":\"ReadAction\",\"target\":[\"https:\\\/\\\/sdm-it.com\\\/site\\\/pas-de-titre-2-copy\\\/\"]}]},{\"@type\":\"ImageObject\",\"inLanguage\":\"fr-FR\",\"@id\":\"https:\\\/\\\/sdm-it.com\\\/site\\\/pas-de-titre-2-copy\\\/#primaryimage\",\"url\":\"https:\\\/\\\/sdm-events.com\\\/events\\\/wp-content\\\/uploads\\\/2017\\\/02\\\/logo-sdm-2-choisi.png\",\"contentUrl\":\"https:\\\/\\\/sdm-events.com\\\/events\\\/wp-content\\\/uploads\\\/2017\\\/02\\\/logo-sdm-2-choisi.png\"},{\"@type\":\"BreadcrumbList\",\"@id\":\"https:\\\/\\\/sdm-it.com\\\/site\\\/pas-de-titre-2-copy\\\/#breadcrumb\",\"itemListElement\":[{\"@type\":\"ListItem\",\"position\":1,\"name\":\"Accueil\",\"item\":\"https:\\\/\\\/sdm-it.com\\\/site\\\/\"},{\"@type\":\"ListItem\",\"position\":2,\"name\":\"Pour qui ?\"}]},{\"@type\":\"WebSite\",\"@id\":\"https:\\\/\\\/sdm-it.com\\\/site\\\/#website\",\"url\":\"https:\\\/\\\/sdm-it.com\\\/site\\\/\",\"name\":\"SDM-IT\",\"description\":\"Conseil, audit, cloud \u00e9thique\",\"publisher\":{\"@id\":\"https:\\\/\\\/sdm-it.com\\\/site\\\/#organization\"},\"potentialAction\":[{\"@type\":\"SearchAction\",\"target\":{\"@type\":\"EntryPoint\",\"urlTemplate\":\"https:\\\/\\\/sdm-it.com\\\/site\\\/?s={search_term_string}\"},\"query-input\":{\"@type\":\"PropertyValueSpecification\",\"valueRequired\":true,\"valueName\":\"search_term_string\"}}],\"inLanguage\":\"fr-FR\"},{\"@type\":\"Organization\",\"@id\":\"https:\\\/\\\/sdm-it.com\\\/site\\\/#organization\",\"name\":\"SDM-IT\",\"url\":\"https:\\\/\\\/sdm-it.com\\\/site\\\/\",\"logo\":{\"@type\":\"ImageObject\",\"inLanguage\":\"fr-FR\",\"@id\":\"https:\\\/\\\/sdm-it.com\\\/site\\\/#\\\/schema\\\/logo\\\/image\\\/\",\"url\":\"https:\\\/\\\/sdm-it.com\\\/site\\\/wp-content\\\/uploads\\\/2022\\\/10\\\/logo-sdm-2-choisi-sans-slogan.png\",\"contentUrl\":\"https:\\\/\\\/sdm-it.com\\\/site\\\/wp-content\\\/uploads\\\/2022\\\/10\\\/logo-sdm-2-choisi-sans-slogan.png\",\"width\":1249,\"height\":701,\"caption\":\"SDM-IT\"},\"image\":{\"@id\":\"https:\\\/\\\/sdm-it.com\\\/site\\\/#\\\/schema\\\/logo\\\/image\\\/\"},\"sameAs\":[\"https:\\\/\\\/www.facebook.com\\\/syndikatdesmouettes\"]}]}<\/script>\n<!-- \/ Yoast SEO plugin. -->","yoast_head_json":{"title":"Pour qui ? - SDM-IT","robots":{"index":"index","follow":"follow","max-snippet":"max-snippet:-1","max-image-preview":"max-image-preview:large","max-video-preview":"max-video-preview:-1"},"canonical":"https:\/\/sdm-it.com\/site\/pas-de-titre-2-copy\/","og_locale":"fr_FR","og_type":"article","og_title":"Pour qui ? - SDM-IT","og_description":"Pour qui ? Des organisations engag\u00e9es, aux r\u00e9alit\u00e9s diverses Des contextes diff\u00e9rents, des enjeux souvent communs Le SDM accompagne des organisations engag\u00e9es au service de l&rsquo;int\u00e9r\u00eat g\u00e9n\u00e9ral, aux formes, tailles et contextes tr\u00e8s vari\u00e9s. Ce qui les rassemble n&rsquo;est pas leur statut, mais la complexit\u00e9 humaine et organisationnelle de leurs usages num\u00e9riques. Partout, les m\u00eames&hellip;","og_url":"https:\/\/sdm-it.com\/site\/pas-de-titre-2-copy\/","og_site_name":"SDM-IT","article_publisher":"https:\/\/www.facebook.com\/syndikatdesmouettes","article_modified_time":"2026-01-22T16:19:45+00:00","og_image":[{"url":"https:\/\/sdm-events.com\/events\/wp-content\/uploads\/2017\/02\/logo-sdm-2-choisi.png","type":"","width":"","height":""}],"twitter_card":"summary_large_image","twitter_misc":{"Dur\u00e9e de lecture estim\u00e9e":"3 minutes"},"schema":{"@context":"https:\/\/schema.org","@graph":[{"@type":"WebPage","@id":"https:\/\/sdm-it.com\/site\/pas-de-titre-2-copy\/","url":"https:\/\/sdm-it.com\/site\/pas-de-titre-2-copy\/","name":"Pour qui ? - SDM-IT","isPartOf":{"@id":"https:\/\/sdm-it.com\/site\/#website"},"primaryImageOfPage":{"@id":"https:\/\/sdm-it.com\/site\/pas-de-titre-2-copy\/#primaryimage"},"image":{"@id":"https:\/\/sdm-it.com\/site\/pas-de-titre-2-copy\/#primaryimage"},"thumbnailUrl":"https:\/\/sdm-events.com\/events\/wp-content\/uploads\/2017\/02\/logo-sdm-2-choisi.png","datePublished":"2026-01-20T10:54:29+00:00","dateModified":"2026-01-22T16:19:45+00:00","breadcrumb":{"@id":"https:\/\/sdm-it.com\/site\/pas-de-titre-2-copy\/#breadcrumb"},"inLanguage":"fr-FR","potentialAction":[{"@type":"ReadAction","target":["https:\/\/sdm-it.com\/site\/pas-de-titre-2-copy\/"]}]},{"@type":"ImageObject","inLanguage":"fr-FR","@id":"https:\/\/sdm-it.com\/site\/pas-de-titre-2-copy\/#primaryimage","url":"https:\/\/sdm-events.com\/events\/wp-content\/uploads\/2017\/02\/logo-sdm-2-choisi.png","contentUrl":"https:\/\/sdm-events.com\/events\/wp-content\/uploads\/2017\/02\/logo-sdm-2-choisi.png"},{"@type":"BreadcrumbList","@id":"https:\/\/sdm-it.com\/site\/pas-de-titre-2-copy\/#breadcrumb","itemListElement":[{"@type":"ListItem","position":1,"name":"Accueil","item":"https:\/\/sdm-it.com\/site\/"},{"@type":"ListItem","position":2,"name":"Pour qui ?"}]},{"@type":"WebSite","@id":"https:\/\/sdm-it.com\/site\/#website","url":"https:\/\/sdm-it.com\/site\/","name":"SDM-IT","description":"Conseil, audit, cloud \u00e9thique","publisher":{"@id":"https:\/\/sdm-it.com\/site\/#organization"},"potentialAction":[{"@type":"SearchAction","target":{"@type":"EntryPoint","urlTemplate":"https:\/\/sdm-it.com\/site\/?s={search_term_string}"},"query-input":{"@type":"PropertyValueSpecification","valueRequired":true,"valueName":"search_term_string"}}],"inLanguage":"fr-FR"},{"@type":"Organization","@id":"https:\/\/sdm-it.com\/site\/#organization","name":"SDM-IT","url":"https:\/\/sdm-it.com\/site\/","logo":{"@type":"ImageObject","inLanguage":"fr-FR","@id":"https:\/\/sdm-it.com\/site\/#\/schema\/logo\/image\/","url":"https:\/\/sdm-it.com\/site\/wp-content\/uploads\/2022\/10\/logo-sdm-2-choisi-sans-slogan.png","contentUrl":"https:\/\/sdm-it.com\/site\/wp-content\/uploads\/2022\/10\/logo-sdm-2-choisi-sans-slogan.png","width":1249,"height":701,"caption":"SDM-IT"},"image":{"@id":"https:\/\/sdm-it.com\/site\/#\/schema\/logo\/image\/"},"sameAs":["https:\/\/www.facebook.com\/syndikatdesmouettes"]}]}},"_links":{"self":[{"href":"https:\/\/sdm-it.com\/site\/wp-json\/wp\/v2\/pages\/717","targetHints":{"allow":["GET"]}}],"collection":[{"href":"https:\/\/sdm-it.com\/site\/wp-json\/wp\/v2\/pages"}],"about":[{"href":"https:\/\/sdm-it.com\/site\/wp-json\/wp\/v2\/types\/page"}],"author":[{"embeddable":true,"href":"https:\/\/sdm-it.com\/site\/wp-json\/wp\/v2\/users\/1"}],"replies":[{"embeddable":true,"href":"https:\/\/sdm-it.com\/site\/wp-json\/wp\/v2\/comments?post=717"}],"version-history":[{"count":4,"href":"https:\/\/sdm-it.com\/site\/wp-json\/wp\/v2\/pages\/717\/revisions"}],"predecessor-version":[{"id":768,"href":"https:\/\/sdm-it.com\/site\/wp-json\/wp\/v2\/pages\/717\/revisions\/768"}],"wp:attachment":[{"href":"https:\/\/sdm-it.com\/site\/wp-json\/wp\/v2\/media?parent=717"}],"curies":[{"name":"wp","href":"https:\/\/api.w.org\/{rel}","templated":true}]}}